in base 10?
15
What is 1 (base 3) in base 5?
1
What is 22 (base 3) in base 7?
11
1 (base 5) to base 14
1
Convert 2 (base 7) to base 3.
2
Convert 1000010 (base 2) to base 6.
150
What is 1 (base 11) in base 4?
1
What is -b (base 14) in base 7?
-14
Convert -111110 (base 3) to base 10.
-363
Convert -250 (base 7) to base 12.
-b1
-22 (base 5) to base 11
-11
What is 27 (base 8) in base 2?
10111
What is -5 (base 14) in base 8?
-5
What is 2 (base 3) in base 9?
2
7 (base 10) to base 15
7
Convert -154 (base 12) to base 4.
-3100
Convert 1121 (base 5) to base 7.
320
Convert 0 (base 2) to base 11.
0
Convert -101001 (base 2) to base 3.
-1112
What is -2a (base 15) in base 3?
-1111
Convert -39 (base 15) to base 7.
-105
What is -2 (base 12) in base 5?
-2
Convert 100000 (base 2) to base 7.
44
Convert -5f (base 16) to base 12.
-7b
Convert 10212 (base 4) to base 16.
126
0 (base 15) to base 14
0
-3 (base 16) to base 15
-3
What is 65 (base 11) in base 12?
5b
What is -11 (base 7) in base 9?
-8
What is -2 (base 14) in base 8?
-2
Convert -3 (base 11) to base 9.
-3
-3 (base 9) to base 11
-3
What is 6 (base 13) in base 16?
6
What is -111 (base 2) in base 10?
-7
Convert -2e (base 16) to base 6.
-114
What is -13 (base 5) in base 13?
-8
What is 1000 (base 2) in base 10?
8
-22 (base 16) to base 6
-54
What is -403 (base 6) in base 11?
-124
Convert 5 (base 10) to base 8.
5
Convert 12 (base 8) to base 11.
a
10 (base 14) to base 8
16
What is 124 (base 9) in base 10?
103
a0 (base 16) to base 13
c4
-3 (base 9) to base 16
-3
What is -20 (base 11) in base 5?
-42
Convert 236 (base 7) to base 16.
7d
Convert -13 (base 6) to base 5.
-14
Convert 1130 (base 5) to base 11.
140
What is 5 (base 13) in base 11?
5
18 (base 11) to base 13
16
-2301 (base 4) to base 3
-20120
Convert 260 (base 10) to base 6.
1112
What is -a3 (base 12) in base 16?
-7b
-b (base 14) to base 12
-b
Convert -4 (base 15) to base 13.
-4
231 (base 6) to base 10
91
2 (base 7) to base 6
2
46 (base 7) to base 11
31
Convert 100211 (base 3) to base 9.
324
Convert 24 (base 11) to base 7.
35
What is -53 (base 7) in base 6?
-102
What is -54 (base 7) in base 2?
-100111
What is -1000010 (base 2) in base 4?
-1002
-10 (base 5) to base 15
-5
-10 (base 2) to base 5
-2
What is -6 (base 8) in base 6?
-10
What is 41 (base 15) in base 9?
67
8b (base 15) to base 9
155
Convert -1021 (base 3) to base 6.
-54
-7 (base 8) to base 12
-7
What is -4 (base 6) in base 3?
-11
-110 (base 3) to base 15
-c
What is -234 (base 6) in base 9?
-114
51 (base 10) to base 6
123
-45 (base 6) to base 11
-27
12 (base 3) to base 13
5
Convert -4 (base 14) to base 13.
-4
Convert 4 (base 6) to base 11.
4
-6 (base 9) to base 5
-11
Convert -6 (base 13) to base 10.
-6
Convert -13 (base 8) to base 10.
-11
Convert -3 (base 10) to base 6.
-3
220 (base 9) to base 13
10b
-2300 (base 4) to base 13
-107
What is -18 (base 10) in base 16?
-12
What is -1 (base 11) in base 7?
-1
52 (base 13) to base 8
103
What is -1020 (base 3) in base 16?
-21
10 (base 13) to base 16
d
Convert -50 (base 9) to base 14.
-33
Convert -77 (base 9) to base 10.
-70
Convert 9 (base 14) to base 16.
9
-110011 (base 3) to base 14
-196
100 (base 2) to base 8
4
7 (base 10) to base 16
7
10 (base 3) to base 4
3
What is 1 (base 11) in base 14?
1
Convert -56 (base 15) to base 12.
-69
127 (base 10) to base 7
241
-4c (base 16) to base 3
-2211
Convert 11211 (base 4) to base 11.
2a5
What is -18 (base 15) in base 10?
-23
55 (base 16) to base 5
320
What is 1 (base 2) in base 12?
1
What is 100 (base 2) in base 7?
4
1d (base 16) to base 14
21
Convert 22 (base 16) to base 13.
28
Convert -110000 (base 2) to base 4.
-300
What is 11 (base 9) in base 16?
a
Convert -123 (base 6) to base 10.
-51
What is 0 (base 11) in base 5?
0
Convert 2 (base 4) to base 7.
2
-12 (base 5) to base 9
-7
Convert 41 (base 7) to base 13.
23
Convert -1 (base 2) to base 14.
-1
10 (base 11) to base 8
13
2033 (base 5) to base 15
12d
What is -2d (base 15) in base 6?
-111
Convert -11 (base 3) to base 10.
-4
What is -2 (base 5) in base 12?
-2
What is -12 (base 7) in base 16?
-9
Convert 293 (base 10) to base 2.
100100101
What is -20 (base 12) in base 6?
-40
Convert 8 (base 13) to base 6.
12
101 (base 2) to base 11
5
Convert 0 (base 10) to base 11.
0
-68 (base 12) to base 14
-5a
What is 13 (base 10) in base 12?
11
39 (base 12) to base 11
41
Convert -5 (base 11) to base 12.
-5
Convert -3 (base 13) to base 5.
-3
Convert a8 (base 12) to base 16.
80
Convert 13 (base 15) to base 8.
22
What is -1 (base 3) in base 2?
-1
What is 1 (base 6) in base 9?
1
-33 (base 5) to base 3
-200
What is 231 (base 8) in base 4?
2121
Convert a (base 15) to base 3.
101
Convert -3 (base 12) to base 7.
-3
What is 4 (base 5) in base 8?
4
63 (base 7) to base 16
2d
-2322 (base 4) to base 8
-272
-1 (base 2) to base 3
-1
What is -1102 (base 5) in base 4?
-2120
What is a (base 11) in base 9?
11
What is 4 (base 11) in base 12?
4
What is -5 (base 9) in base 4?
-11
Convert 3 (base 10) to base 3.
10
What is -5 (base 11) in base 9?
-5
Convert -33 (base 14) to base 7.
-63
Convert 51 (base 7) to base 11.
33
What is 15 (base 11) in base 16?
10
What is 22 (base 11) in base 3?
220
100 (base 2) to base 10
4
33 (base 5) to base 7
24
1 (base 6) to base 7
1
What is 10 (base 2) in base 7?
2
Convert -30 (base 16) to base 8.
-60
Convert -2a (base 13) to base 3.
-1100
Convert -3 (base 8) to base 11.
-3
What is -86 (base 16) in base 11?
-112
What is -23 (base 4) in base 15?
-b
What is 2 (base 5) in base 15?
2
What is -8 (base 12) in base 2?
-1000
-100 (base 3) to base 12
-9
What is 211 (base 7) in base 6?
254
What is -101101 (base 2) in base 7?
-63
-9c (base 13) to base 3
-11210
Convert 10 (base 8) to base 11.
8
-10 (base 7) to base 10
-7
What is 120 (base 3) in base 7?
21
Convert 2 (base 13) to base 9.
2
-1020 (base 4) to base 7
-132
What is 12a (base 13) in base 14?
109
3 (base 6) to base 11
3
What is -3 (base 5) in base 3?
-10
-1011001 (base 2) to base 16
-59
What is 28 (base 10) in base 6?
44
Convert 162 (base 11) to base 12.
139
What is -52 (base 10) in base 2?
-110100
-33 (base 14) to base 11
-41
2 (base 14) to base 12
2
77 (base 12) to base 8
133
39 (base 11) to base 12
36
Convert 124 (base 9) to base 15.
6d
-10 (base 12) to base 10
-12
What is -60 (base 7) in base 10?
-42
0 (base 13) to base 12
0
99 (base 12) to base 15
7c
What is 0 (base 14) in base 2?
0
57 (base 10) to base 15
3c
What is 102 (base 3) in base 8?
13
Convert -12 (base 9) to base 2.
-1011
Convert a1 (base 13) to base 6.
335
Convert -6 (base 14) to base 10.
-6
-162 (base 15) to base 16
-13d
-2 (base 8) to base 5
-2
What is -1012 (base 3) in base 14?
-24
Convert 14 (base 14) to base 16.
12
5d (base 15) to base 6
224
1 (base 16) to base 4
1
What is 53 (base 8) in base 12?
37
What is -3 (base 16) in base 14?
-3
What is 22 (base 8) in base 16?
12
Convert 111000 (base 2) to base 4.
320
-10211 (base 3) to base 11
-94
0 (base 13) to base 7
0
What is 11 (base 5) in base 6?
10
Convert -4 (base 6) to base 15.
-4
237 (base 8) to base 5
1114
What is -1021 (base 4) in base 11?
-67
Convert 1111000 (base 2) to base 12.
a0
1110 (base 3) to base 8
47
Convert -a7 (base 13) to base 2.
-10001001
What is -63 (base 10) in base 3?
-2100
What is 247 (base 8) in base 11?
142
What is -70 (base 14) in base 2?
-1100010
What is 160 (base 16) in base 15?
187
Convert -d (base 14) to base 16.
-d
What is -2 (base 14) in base 8?
-2
What is 16 (base 12) in base 8?
22
Convert 9 (base 15) to base 13.
9
What is -4 (base 12) in base 9?
-4
Convert -10122 (base 3) to base 10.
-98
What is -1 (base 16) in base 8?
-1
Convert -16 (base 12) to base 11.
-17
137 (base 8) to base 14
6b
What is -5 (base 14) in base 7?
-5
Convert 3 (base 6) to base 9.
3
What is -3 (base 9) in base 10?
-3
Convert -206 (base 9) to base 15.
-b3
6 (base 14) to base 3
20
What is 1 (base 7) in base 2?
1
-201 (base 4) to base 14
-25
What is -110010 (base 2) in base 9?
-55
0 (base 13) to base 7
0
233 (base 6) to base 16
5d
Convert -7 (base 13) to base 2.
-111
What is 2 (base 3) in base 12?
2
-127 (base 10) to base 6
-331
What is -1 (base 8) in base 3?
-1
What is -18 (base 10) in base 5?
-33
1 (base 12) to base 9
1
Convert -4 (base 14) to base 10.
-4
Convert 7 (base 10) to base 16.
7
-5 (base 16) to base 9
-5
Conv